{"id":940,"date":"2024-01-16T21:57:21","date_gmt":"2024-01-16T20:57:21","guid":{"rendered":"https:\/\/pipacspekseg.hu\/pipacs\/?page_id=940"},"modified":"2024-11-05T00:05:30","modified_gmt":"2024-11-04T23:05:30","slug":"kenyereink","status":"publish","type":"page","link":"https:\/\/pipacspekseg.hu\/pipacs\/kenyereink\/","title":{"rendered":"Kenyereink"},"content":{"rendered":"\n<div class=\"wp-block-cover alignfull\" style=\"padding-top:var(--wp--preset--spacing--30);padding-right:var(--wp--preset--spacing--30);padding-bottom:var(--wp--preset--spacing--30);padding-left:var(--wp--preset--spacing--30);min-height:700px;aspect-ratio:unset;\"><span aria-hidden=\"true\" class=\"wp-block-cover__background has-black-background-color has-background-dim\"><\/span><img loading=\"lazy\" decoding=\"async\" width=\"1600\" height=\"1068\" class=\"wp-block-cover__image-background wp-image-895\" alt=\"\" src=\"https:\/\/pipacspekseg.hu\/pipacs\/wp-content\/uploads\/2023\/12\/header-kenyerek.jpg\" data-object-fit=\"cover\" srcset=\"https:\/\/pipacspekseg.hu\/pipacs\/wp-content\/uploads\/2023\/12\/header-kenyerek.jpg 1600w, https:\/\/pipacspekseg.hu\/pipacs\/wp-content\/uploads\/2023\/12\/header-kenyerek-300x200.jpg 300w, https:\/\/pipacspekseg.hu\/pipacs\/wp-content\/uploads\/2023\/12\/header-kenyerek-1024x684.jpg 1024w, https:\/\/pipacspekseg.hu\/pipacs\/wp-content\/uploads\/2023\/12\/header-kenyerek-768x513.jpg 768w, https:\/\/pipacspekseg.hu\/pipacs\/wp-content\/uploads\/2023\/12\/header-kenyerek-1536x1025.jpg 1536w, https:\/\/pipacspekseg.hu\/pipacs\/wp-content\/uploads\/2023\/12\/header-kenyerek-18x12.jpg 18w\" sizes=\"auto, (max-width: 1600px) 100vw, 1600px\" \/><div class=\"wp-block-cover__inner-container is-layout-flow wp-block-cover-is-layout-flow\">\n<div class=\"wp-block-uagb-advanced-heading uagb-block-e24b40e5\"><h1 class=\"uagb-heading-text\">Kenyereink<\/h1><\/div>\n<\/div><\/div>\n\n\n\n<div class=\"wp-block-uagb-container uagb-block-wkhotcbv alignfull uagb-is-root-container\"><div class=\"uagb-container-inner-blocks-wrap\">\n<div class=\"wp-block-uagb-container uagb-block-kb6gph5s\">\n<div class=\"wp-block-uagb-image alignleft uagb-block-vbzsrebf wp-block-uagb-image--layout-default wp-block-uagb-image--effect-static wp-block-uagb-image--align-left\"><figure class=\"wp-block-uagb-image__figure\"><img decoding=\"async\" srcset=\"https:\/\/pipacspekseg.hu\/pipacs\/wp-content\/uploads\/2023\/12\/astrie.jpg ,https:\/\/pipacspekseg.hu\/pipacs\/wp-content\/uploads\/2023\/12\/astrie.jpg 780w, https:\/\/pipacspekseg.hu\/pipacs\/wp-content\/uploads\/2023\/12\/astrie.jpg 360w\" sizes=\"auto, (max-width: 480px) 150px\" src=\"https:\/\/pipacspekseg.hu\/pipacs\/wp-content\/uploads\/2023\/12\/astrie.jpg\" alt=\"\" class=\"uag-image-845\" width=\"600\" height=\"450\" title=\"\" loading=\"lazy\"\/><\/figure><\/div>\n<\/div>\n\n\n\n<div class=\"wp-block-uagb-container uagb-block-wkqkdtrb\">\n<div class=\"wp-block-uagb-info-box uagb-block-d4ftwyl7 uagb-infobox__content-wrap  uagb-infobox-icon-above-title uagb-infobox-image-valign-top\"><div class=\"uagb-ifb-content\"><div class=\"uagb-ifb-title-wrap\"><h3 class=\"uagb-ifb-title\">Astri\u00e9<\/h3><\/div><p class=\"uagb-ifb-desc\">\u00c9vek \u00f3ta Nobilis \u00c1goston&nbsp;lisztj\u00e9vel&nbsp;s\u00fctj\u00fck a kenyeret, amit \u00c1goston \u00e9s csapata a Zs\u00e1mb\u00e9ki medenc\u00e9ben l\u00e9v\u0151 Csoroszlyafarmon&nbsp;\u0151r\u00f6l egy&nbsp;Astri\u00e9 gr\u00e1nitk\u00f6ves malmon. A malom Franciaorsz\u00e1gb\u00f3l, Philippe Lauzes <a href=\"http:\/\/moulinslauzes.fr\/\" target=\"_blank\" rel=\"noreferrer noopener\">m\u0171hely\u00e9b\u0151l<\/a> \u00e9rkezett.<br><br>Egy kev\u00e9s t\u00f6nke liszttel&nbsp;is megbolond\u00edtjuk a t\u00e9szt\u00e1j\u00e1t, &#8220;taill\u00e9&#8221; elj\u00e1r\u00e1ssal dolgozunk form\u00e1z\u00e1s n\u00e9lk\u00fcl, term\u00e9szetes kov\u00e1szon k\u00edv\u00fcl m\u00e1st nem haszn\u00e1lunk, \u00e9s \u00edgy sz\u00fcletik meg a magas beltartalommal, \u00e9s f\u00f6ldes jegyekkel rendelkez\u0151 klasszikuss\u00e1 v\u00e1lt kenyer\u00fcnk, Az Astri\u00e9-keny\u00e9r.<br><br>Ha \u00e9rdekel a gazda \u00e9s a p\u00e9k egy\u00fcttm\u0171k\u00f6d\u00e9se, n\u00e9zd meg ezt a <a href=\"https:\/\/pipacspekseg.us9.list-manage.com\/track\/click?u=b3c859d8201f5d26f894eb480&amp;id=dc170cde52&amp;e=e2a1c96b46\" target=\"_blank\" rel=\"noreferrer noopener\">filmet<\/a> r\u00f3lunk.<\/p><\/div><\/div>\n<\/div>\n<\/div><\/div>\n\n\n\n<div class=\"wp-block-uagb-container uagb-block-81e6827a alignfull uagb-is-root-container\"><div class=\"uagb-container-inner-blocks-wrap\">\n<div class=\"wp-block-uagb-container uagb-block-de0a396d\">\n<div class=\"wp-block-uagb-info-box uagb-block-fe2c3611 uagb-infobox__content-wrap  uagb-infobox-icon-above-title uagb-infobox-image-valign-top\"><div class=\"uagb-ifb-content\"><div class=\"uagb-ifb-title-wrap\"><h3 class=\"uagb-ifb-title\">Baguette<\/h3><\/div><p class=\"uagb-ifb-desc\">A baguette a francia p\u00e9khagyom\u00e1ny egyik legismertebb keny\u00e9rt\u00edpusa. Mi BL80-as b\u00fazalisztb\u0151l, kov\u00e1sszal k\u00e9sz\u00edtj\u00fck, \u00e9leszt\u0151t nem haszn\u00e1lunk hozz\u00e1. Pizzat\u00e9szt\u00e1hoz hasonl\u00f3 l\u00e1gys\u00e1g\u00fa t\u00e9szt\u00e1ja \u00e9s a k\u00fcl\u00f6n ehhez a keny\u00e9rhez haszn\u00e1lt kev\u00e9sb\u00e9 savas kov\u00e1sz adja azt a jellegzetes karaktert, ami frissen fogyasztva megk\u00fcl\u00f6nb\u00f6zteti a klasszikus feh\u00e9r keny\u00e9rt\u0151l: l\u00e1gy, kr\u00e9mes \u00edz, v\u00e9kony, ropog\u00f3s h\u00e9j, laza b\u00e9lzet.<\/p><\/div><\/div>\n<\/div>\n\n\n\n<div class=\"wp-block-uagb-container uagb-block-08e4ef3f\">\n<div class=\"wp-block-uagb-image alignleft uagb-block-c5032c6a wp-block-uagb-image--layout-default wp-block-uagb-image--effect-static wp-block-uagb-image--align-left\"><figure class=\"wp-block-uagb-image__figure\"><img decoding=\"async\" srcset=\"https:\/\/pipacspekseg.hu\/pipacs\/wp-content\/uploads\/2023\/12\/baguette.jpg ,https:\/\/pipacspekseg.hu\/pipacs\/wp-content\/uploads\/2023\/12\/baguette.jpg 780w, https:\/\/pipacspekseg.hu\/pipacs\/wp-content\/uploads\/2023\/12\/baguette.jpg 360w\" sizes=\"auto, (max-width: 480px) 150px\" src=\"https:\/\/pipacspekseg.hu\/pipacs\/wp-content\/uploads\/2023\/12\/baguette.jpg\" alt=\"\" class=\"uag-image-846\" width=\"600\" height=\"450\" title=\"\" loading=\"lazy\"\/><\/figure><\/div>\n<\/div>\n<\/div><\/div>\n\n\n\n<div class=\"wp-block-uagb-container uagb-block-4558d758 alignfull uagb-is-root-container\"><div class=\"uagb-container-inner-blocks-wrap\">\n<div class=\"wp-block-uagb-container uagb-block-cbc2cbcb\">\n<div class=\"wp-block-uagb-image alignleft uagb-block-c2dd0226 wp-block-uagb-image--layout-default wp-block-uagb-image--effect-static wp-block-uagb-image--align-left\"><figure class=\"wp-block-uagb-image__figure\"><img decoding=\"async\" srcset=\"https:\/\/pipacspekseg.hu\/pipacs\/wp-content\/uploads\/2023\/12\/feherkenyer.jpg ,https:\/\/pipacspekseg.hu\/pipacs\/wp-content\/uploads\/2023\/12\/feherkenyer.jpg 780w, https:\/\/pipacspekseg.hu\/pipacs\/wp-content\/uploads\/2023\/12\/feherkenyer.jpg 360w\" sizes=\"auto, (max-width: 480px) 150px\" src=\"https:\/\/pipacspekseg.hu\/pipacs\/wp-content\/uploads\/2023\/12\/feherkenyer.jpg\" alt=\"\" class=\"uag-image-847\" width=\"600\" height=\"450\" title=\"\" loading=\"lazy\"\/><\/figure><\/div>\n<\/div>\n\n\n\n<div class=\"wp-block-uagb-container uagb-block-31a01c73\">\n<div class=\"wp-block-uagb-info-box uagb-block-e4e8b9cd uagb-infobox__content-wrap  uagb-infobox-icon-above-title uagb-infobox-image-valign-top\"><div class=\"uagb-ifb-content\"><div class=\"uagb-ifb-title-wrap\"><h3 class=\"uagb-ifb-title\">Feh\u00e9r keny\u00e9r<\/h3><\/div><p class=\"uagb-ifb-desc\">Feh\u00e9r kenyer\u00fcnket a <a href=\"https:\/\/www.pasztoimalom.hu\/\" target=\"_blank\" rel=\"noreferrer noopener\">P\u00e1szt\u00f3i Biomalom<\/a> BL 80-as lisztj\u00e9b\u0151l k\u00e9sz\u00edtj\u00fck. L\u00e1gyabb, kev\u00e9sb\u00e9 mark\u00e1nsan savanyk\u00e1s, \u00edz, ropog\u00f3s, de nem t\u00fal vastagra s\u00fct\u00f6tt h\u00e9j jellemzi.<\/p><\/div><\/div>\n<\/div>\n<\/div><\/div>\n\n\n\n<div class=\"wp-block-uagb-container uagb-block-c67c57f5 alignfull uagb-is-root-container\"><div class=\"uagb-container-inner-blocks-wrap\">\n<div class=\"wp-block-uagb-container uagb-block-6610db3a\">\n<div class=\"wp-block-uagb-info-box uagb-block-95448be3 uagb-infobox__content-wrap  uagb-infobox-icon-above-title uagb-infobox-image-valign-top\"><div class=\"uagb-ifb-content\"><div class=\"uagb-ifb-title-wrap\"><h3 class=\"uagb-ifb-title\">Vil\u00e1gosbarna<\/h3><\/div><p class=\"uagb-ifb-desc\">Vil\u00e1gosbarna kenyer\u00fcnket is a <a href=\"https:\/\/www.pasztoimalom.hu\/\" target=\"_blank\" rel=\"noreferrer noopener\">P\u00e1szt\u00f3i Biomalom<\/a> BL80-as b\u00fazalisztj\u00e9b\u0151l k\u00e9sz\u00edtj\u00fck. A feh\u00e9r keny\u00e9rhez k\u00e9pest mark\u00e1nsabb, m\u00e9gsem zavar\u00f3an er\u0151s \u00edzvil\u00e1g\u00e1t az enyh\u00e9n savanyk\u00e1s rozskov\u00e1sz \u00e9s a karakteres teljes \u0151rl\u00e9s\u0171 b\u00fazaliszt adj\u00e1k.<\/p><\/div><\/div>\n<\/div>\n\n\n\n<div class=\"wp-block-uagb-container uagb-block-b85eff92\">\n<div class=\"wp-block-uagb-image alignleft uagb-block-9c70ea0b wp-block-uagb-image--layout-default wp-block-uagb-image--effect-static wp-block-uagb-image--align-left\"><figure class=\"wp-block-uagb-image__figure\"><img decoding=\"async\" srcset=\"https:\/\/pipacspekseg.hu\/pipacs\/wp-content\/uploads\/2023\/12\/vilagosbarna.jpg ,https:\/\/pipacspekseg.hu\/pipacs\/wp-content\/uploads\/2023\/12\/vilagosbarna.jpg 780w, https:\/\/pipacspekseg.hu\/pipacs\/wp-content\/uploads\/2023\/12\/vilagosbarna.jpg 360w\" sizes=\"auto, (max-width: 480px) 150px\" src=\"https:\/\/pipacspekseg.hu\/pipacs\/wp-content\/uploads\/2023\/12\/vilagosbarna.jpg\" alt=\"\" class=\"uag-image-848\" width=\"600\" height=\"450\" title=\"\" loading=\"lazy\"\/><\/figure><\/div>\n<\/div>\n<\/div><\/div>\n\n\n\n<div class=\"wp-block-uagb-container uagb-block-7ee88c24 alignfull uagb-is-root-container\"><div class=\"uagb-container-inner-blocks-wrap\">\n<div class=\"wp-block-uagb-container uagb-block-2131c094\">\n<div class=\"wp-block-uagb-image alignleft uagb-block-0a1c1904 wp-block-uagb-image--layout-default wp-block-uagb-image--effect-static wp-block-uagb-image--align-left\"><figure class=\"wp-block-uagb-image__figure\"><img decoding=\"async\" srcset=\"https:\/\/pipacspekseg.hu\/pipacs\/wp-content\/uploads\/2024\/02\/alakor.jpg ,https:\/\/pipacspekseg.hu\/pipacs\/wp-content\/uploads\/2024\/02\/alakor.jpg 780w, https:\/\/pipacspekseg.hu\/pipacs\/wp-content\/uploads\/2024\/02\/alakor.jpg 360w\" sizes=\"auto, (max-width: 480px) 150px\" src=\"https:\/\/pipacspekseg.hu\/pipacs\/wp-content\/uploads\/2024\/02\/alakor.jpg\" alt=\"\" class=\"uag-image-1093\" width=\"600\" height=\"450\" title=\"\" loading=\"lazy\"\/><\/figure><\/div>\n<\/div>\n\n\n\n<div class=\"wp-block-uagb-container uagb-block-c8031990\">\n<div class=\"wp-block-uagb-info-box uagb-block-d33b652e uagb-infobox__content-wrap  uagb-infobox-icon-above-title uagb-infobox-image-valign-top\"><div class=\"uagb-ifb-content\"><div class=\"uagb-ifb-title-wrap\"><h3 class=\"uagb-ifb-title\">Alakor<\/h3><\/div><p class=\"uagb-ifb-desc\">Az alakor kenyer\u00fcnk klasszikuss\u00e1 v\u00e1lt gazdalisztj\u00e9t (\u0151sgabon\u00e1t) <a href=\"https:\/\/www.facebook.com\/p\/Alakor-%C5%91sb%C3%BAza-100064847222132\/\">Trungel L\u00e1szl\u00f3<\/a> gazdamoln\u00e1r hozza nek\u00fcnk J\u00f3svaf\u0151r\u0151l. <\/p><\/div><\/div>\n<\/div>\n<\/div><\/div>\n\n\n\n<div class=\"wp-block-uagb-container uagb-block-6f0b8864 alignfull uagb-is-root-container\"><div class=\"uagb-container-inner-blocks-wrap\">\n<div class=\"wp-block-uagb-container uagb-block-ea0cca8b\">\n<div class=\"wp-block-uagb-info-box uagb-block-3612a490 uagb-infobox__content-wrap  uagb-infobox-icon-above-title uagb-infobox-image-valign-top\"><div class=\"uagb-ifb-content\"><div class=\"uagb-ifb-title-wrap\"><h3 class=\"uagb-ifb-title\">Rozsos keny\u00e9r<\/h3><\/div><p class=\"uagb-ifb-desc\">Rozsos kenyer\u00fcnk 50%-ban teljes ki\u0151rl\u00e9s\u0171 rozs, 50%-ban BL80-as b\u00fazaliszt. Karakter\u00e9ben \u00edgy egy\u00e9rtelm\u0171en a rozs domin\u00e1l, ez\u00e9rt nem olyan k\u00f6nny\u0171 vele dolgozni. A rozsban A-vitamin, B1, B6-vitamin, vas, magn\u00e9zium \u00e9s k\u00e1lcium tal\u00e1lhat\u00f3.<br><br>\u00d6sszet\u00e9veszthetetlen illata \u00e9s savanyk\u00e1s, gy\u00fcm\u00f6lcs\u00f6s \u00edze frissen j\u00f6n el\u0151 a legjobban. A rozs magas nedvfelvev\u0151 k\u00e9pess\u00e9ge miatt kiemelked\u0151en j\u00f3l eltarthat\u00f3. Kifejezetten v\u00e9konyan is szelhet\u0151, nem morzs\u00e1l\u00f3dik.<\/p><\/div><\/div>\n<\/div>\n\n\n\n<div class=\"wp-block-uagb-container uagb-block-b8e8cb06\">\n<div class=\"wp-block-uagb-image alignleft uagb-block-f5484efd wp-block-uagb-image--layout-default wp-block-uagb-image--effect-static wp-block-uagb-image--align-left\"><figure class=\"wp-block-uagb-image__figure\"><img decoding=\"async\" srcset=\"https:\/\/pipacspekseg.hu\/pipacs\/wp-content\/uploads\/2024\/02\/rozsos.jpg ,https:\/\/pipacspekseg.hu\/pipacs\/wp-content\/uploads\/2024\/02\/rozsos.jpg 780w, https:\/\/pipacspekseg.hu\/pipacs\/wp-content\/uploads\/2024\/02\/rozsos.jpg 360w\" sizes=\"auto, (max-width: 480px) 150px\" src=\"https:\/\/pipacspekseg.hu\/pipacs\/wp-content\/uploads\/2024\/02\/rozsos.jpg\" alt=\"\" class=\"uag-image-1094\" width=\"600\" height=\"450\" title=\"\" loading=\"lazy\"\/><\/figure><\/div>\n<\/div>\n<\/div><\/div>\n\n\n\n<div class=\"wp-block-uagb-container uagb-block-69fe1485 alignfull uagb-is-root-container\"><div class=\"uagb-container-inner-blocks-wrap\">\n<div class=\"wp-block-uagb-container uagb-block-dbe880e8\">\n<div class=\"wp-block-uagb-image alignleft uagb-block-90b036e7 wp-block-uagb-image--layout-default wp-block-uagb-image--effect-static wp-block-uagb-image--align-left\"><figure class=\"wp-block-uagb-image__figure\"><img decoding=\"async\" srcset=\"https:\/\/pipacspekseg.hu\/pipacs\/wp-content\/uploads\/2024\/02\/tonkoly.jpg ,https:\/\/pipacspekseg.hu\/pipacs\/wp-content\/uploads\/2024\/02\/tonkoly.jpg 780w, https:\/\/pipacspekseg.hu\/pipacs\/wp-content\/uploads\/2024\/02\/tonkoly.jpg 360w\" sizes=\"auto, (max-width: 480px) 150px\" src=\"https:\/\/pipacspekseg.hu\/pipacs\/wp-content\/uploads\/2024\/02\/tonkoly.jpg\" alt=\"\" class=\"uag-image-1096\" width=\"600\" height=\"450\" title=\"\" loading=\"lazy\"\/><\/figure><\/div>\n<\/div>\n\n\n\n<div class=\"wp-block-uagb-container uagb-block-09e8f700\">\n<div class=\"wp-block-uagb-info-box uagb-block-deac06d5 uagb-infobox__content-wrap  uagb-infobox-icon-above-title uagb-infobox-image-valign-top\"><div class=\"uagb-ifb-content\"><div class=\"uagb-ifb-title-wrap\"><h3 class=\"uagb-ifb-title\">T\u00f6nk\u00f6ly<\/h3><\/div><p class=\"uagb-ifb-desc\">50%-ban feh\u00e9r t\u00f6nk\u00f6lylisztet,&nbsp;50%-ban&nbsp;pedig&nbsp;teljes ki\u0151rl\u00e9s\u0171 lisztet&nbsp;tartalmaz.<br><br>Karakteres \u00edz, kellemes illat, puha-roppan\u00f3s h\u00e9j, \u00e9s kis lyukacsos b\u00e9lzet jellemzi. Van aki esk\u00fcszik r\u00e1. Mi is szeretj\u00fck.<\/p><\/div><\/div>\n<\/div>\n<\/div><\/div>\n\n\n\n<div class=\"wp-block-uagb-container uagb-block-3a9302d4 alignfull uagb-is-root-container\"><div class=\"uagb-container-inner-blocks-wrap\">\n<div class=\"wp-block-uagb-container uagb-block-0dd19c0e\">\n<div class=\"wp-block-uagb-info-box uagb-block-4f1f646b uagb-infobox__content-wrap  uagb-infobox-icon-above-title uagb-infobox-image-valign-top\"><div class=\"uagb-ifb-content\"><div class=\"uagb-ifb-title-wrap\"><h3 class=\"uagb-ifb-title\">N\u00e9gymagos<\/h3><\/div><p class=\"uagb-ifb-desc\">Magos kenyer\u00fcnket a vil\u00e1gosbarna keny\u00e9r t\u00e9szt\u00e1j\u00e1val k\u00e9sz\u00edtj\u00fck. A t\u00e9szt\u00e1hoz lenmag, h\u00e1ntolatlan szez\u00e1mmag, dar\u00e1latlan m\u00e1k \u00e9s napraforg\u00f3mag kever\u00e9k\u00e9t adjuk.<br><br>A&nbsp;szez\u00e1mmagban tal\u00e1lhat\u00f3 meg legmagasabb sz\u00e1mban t\u00f6bb \u00e9letfontoss\u00e1g\u00fa \u00e1sv\u00e1nyi anyag. Magas k\u00e1lciumtartalma mellett b\u0151velkedik E-, B1-, B2-vitaminban, foszforsavban, lecitinben, \u00e9s tel\u00edtetlen zs\u00edrsavakban, hat\u00e9kony a rossz koleszterinszint \u00e9s v\u00e9rnyom\u00e1s cs\u00f6kkent\u00e9s\u00e9ben.<\/p><\/div><\/div>\n<\/div>\n\n\n\n<div class=\"wp-block-uagb-container uagb-block-5b855301\">\n<div class=\"wp-block-uagb-image alignleft uagb-block-c658877e wp-block-uagb-image--layout-default wp-block-uagb-image--effect-static wp-block-uagb-image--align-left\"><figure class=\"wp-block-uagb-image__figure\"><img decoding=\"async\" srcset=\"https:\/\/pipacspekseg.hu\/pipacs\/wp-content\/uploads\/2024\/02\/negymagos.jpg ,https:\/\/pipacspekseg.hu\/pipacs\/wp-content\/uploads\/2024\/02\/negymagos.jpg 780w, https:\/\/pipacspekseg.hu\/pipacs\/wp-content\/uploads\/2024\/02\/negymagos.jpg 360w\" sizes=\"auto, (max-width: 480px) 150px\" src=\"https:\/\/pipacspekseg.hu\/pipacs\/wp-content\/uploads\/2024\/02\/negymagos.jpg\" alt=\"\" class=\"uag-image-1098\" width=\"600\" height=\"450\" title=\"\" loading=\"lazy\"\/><\/figure><\/div>\n<\/div>\n<\/div><\/div>\n\n\n\n<div class=\"wp-block-uagb-container uagb-block-a3696a41 alignfull uagb-is-root-container\"><div class=\"uagb-container-inner-blocks-wrap\">\n<div class=\"wp-block-uagb-container uagb-block-5ed32fe4\">\n<div class=\"wp-block-uagb-image alignleft uagb-block-5008ed89 wp-block-uagb-image--layout-default wp-block-uagb-image--effect-static wp-block-uagb-image--align-left\"><figure class=\"wp-block-uagb-image__figure\"><img decoding=\"async\" srcset=\"https:\/\/pipacspekseg.hu\/pipacs\/wp-content\/uploads\/2024\/03\/hajdina-1024x683.jpg ,https:\/\/pipacspekseg.hu\/pipacs\/wp-content\/uploads\/2024\/03\/hajdina.jpg 780w, https:\/\/pipacspekseg.hu\/pipacs\/wp-content\/uploads\/2024\/03\/hajdina.jpg 360w\" sizes=\"auto, (max-width: 480px) 150px\" src=\"https:\/\/pipacspekseg.hu\/pipacs\/wp-content\/uploads\/2024\/03\/hajdina-1024x683.jpg\" alt=\"\" class=\"uag-image-1140\" width=\"600\" height=\"450\" title=\"\" loading=\"lazy\"\/><\/figure><\/div>\n<\/div>\n\n\n\n<div class=\"wp-block-uagb-container uagb-block-cffacd03\">\n<div class=\"wp-block-uagb-info-box uagb-block-9d8aee93 uagb-infobox__content-wrap  uagb-infobox-icon-above-title uagb-infobox-image-valign-top\"><div class=\"uagb-ifb-content\"><div class=\"uagb-ifb-title-wrap\"><h3 class=\"uagb-ifb-title\">Hajdina<\/h3><\/div><p class=\"uagb-ifb-desc\">Hajdina kenyer\u00fcnk NO GLUTEN elven alapszik, l\u00e9v\u00e9n a hajdina egy glut\u00e9nmentes gabona, azonban \u00e9rdemes figyelembe venni, hogy glut\u00e9ntartalm\u00fa term\u00e9kekkel egy \u00fczemben k\u00e9sz\u00fcl. Mint az Astri\u00e9 keny\u00e9r lisztj\u00e9t, a hajdin\u00e1t is Nobilis \u00c1goston \u0151rli a Csoroszlyafarmon. Saj\u00e1t kov\u00e1sz\u00e1val kelesztj\u00fck \u00e9s&nbsp;lenmag\u0151rlem\u00e9nyt&nbsp;tesz\u00fcnk m\u00e9g hozz\u00e1. Karakteres, semmivel sem \u00f6sszehasonl\u00edthat\u00f3 \u00edze \u00e9s illata van.&nbsp;<\/p><\/div><\/div>\n<\/div>\n<\/div><\/div>\n\n\n\n<div style=\"height:100px\" aria-hidden=\"true\" class=\"wp-block-spacer\"><\/div>\n\n\n\n<div class=\"wp-block-uagb-image aligncenter uagb-block-c6f9c011 wp-block-uagb-image--layout-default wp-block-uagb-image--effect-static wp-block-uagb-image--align-center\"><figure class=\"wp-block-uagb-image__figure\"><img decoding=\"async\" srcset=\"https:\/\/pipacspekseg.hu\/pipacs\/wp-content\/uploads\/2024\/01\/pipacs-hatter2-300x276.png ,https:\/\/pipacspekseg.hu\/pipacs\/wp-content\/uploads\/2024\/01\/pipacs-hatter2.png 780w, https:\/\/pipacspekseg.hu\/pipacs\/wp-content\/uploads\/2024\/01\/pipacs-hatter2.png 360w\" sizes=\"auto, (max-width: 480px) 150px\" src=\"https:\/\/pipacspekseg.hu\/pipacs\/wp-content\/uploads\/2024\/01\/pipacs-hatter2-300x276.png\" alt=\"\" class=\"uag-image-938\" width=\"300\" height=\"276\" title=\"\" loading=\"lazy\"\/><\/figure><\/div>\n","protected":false},"excerpt":{"rendered":"","protected":false},"author":1,"featured_media":0,"parent":0,"menu_order":0,"comment_status":"closed","ping_status":"closed","template":"","meta":{"_uag_custom_page_level_css":"","site-sidebar-layout":"default","site-content-layout":"","ast-site-content-layout":"default","site-content-style":"unboxed","site-sidebar-style":"default","ast-global-header-display":"","ast-banner-title-visibility":"","ast-main-header-display":"","ast-hfb-above-header-display":"","ast-hfb-below-header-display":"","ast-hfb-mobile-header-display":"","site-post-title":"","ast-breadcrumbs-content":"","ast-featured-img":"","footer-sml-layout":"","theme-transparent-header-meta":"","adv-header-id-meta":"","stick-header-meta":"","header-above-stick-meta":"","header-main-stick-meta":"","header-below-stick-meta":"","astra-migrate-meta-layouts":"set","ast-page-background-enabled":"default","ast-page-background-meta":{"desktop":{"background-color":"var(--ast-global-color-4)","background-image":"","background-repeat":"repeat","background-position":"center center","background-size":"auto","background-attachment":"scroll","background-type":"","background-media":"","overlay-type":"","overlay-color":"","overlay-gradient":""},"tablet":{"background-color":"","background-image":"","background-repeat":"repeat","background-position":"center center","background-size":"auto","background-attachment":"scroll","background-type":"","background-media":"","overlay-type":"","overlay-color":"","overlay-gradient":""},"mobile":{"background-color":"","background-image":"","background-repeat":"repeat","background-position":"center center","background-size":"auto","background-attachment":"scroll","background-type":"","background-media":"","overlay-type":"","overlay-color":"","overlay-gradient":""}},"ast-content-background-meta":{"desktop":{"background-color":"var(--ast-global-color-5)","background-image":"","background-repeat":"repeat","background-position":"center center","background-size":"auto","background-attachment":"scroll","background-type":"","background-media":"","overlay-type":"","overlay-color":"","overlay-gradient":""},"tablet":{"background-color":"var(--ast-global-color-5)","background-image":"","background-repeat":"repeat","background-position":"center center","background-size":"auto","background-attachment":"scroll","background-type":"","background-media":"","overlay-type":"","overlay-color":"","overlay-gradient":""},"mobile":{"background-color":"var(--ast-global-color-5)","background-image":"","background-repeat":"repeat","background-position":"center center","background-size":"auto","background-attachment":"scroll","background-type":"","background-media":"","overlay-type":"","overlay-color":"","overlay-gradient":""}},"footnotes":""},"class_list":["post-940","page","type-page","status-publish","hentry"],"uagb_featured_image_src":{"full":false,"thumbnail":false,"medium":false,"medium_large":false,"large":false,"1536x1536":false,"2048x2048":false,"trp-custom-language-flag":false},"uagb_author_info":{"display_name":"admin","author_link":"https:\/\/pipacspekseg.hu\/pipacs\/author\/admin\/"},"uagb_comment_info":0,"uagb_excerpt":null,"_links":{"self":[{"href":"https:\/\/pipacspekseg.hu\/pipacs\/wp-json\/wp\/v2\/pages\/940","targetHints":{"allow":["GET"]}}],"collection":[{"href":"https:\/\/pipacspekseg.hu\/pipacs\/wp-json\/wp\/v2\/pages"}],"about":[{"href":"https:\/\/pipacspekseg.hu\/pipacs\/wp-json\/wp\/v2\/types\/page"}],"author":[{"embeddable":true,"href":"https:\/\/pipacspekseg.hu\/pipacs\/wp-json\/wp\/v2\/users\/1"}],"replies":[{"embeddable":true,"href":"https:\/\/pipacspekseg.hu\/pipacs\/wp-json\/wp\/v2\/comments?post=940"}],"version-history":[{"count":15,"href":"https:\/\/pipacspekseg.hu\/pipacs\/wp-json\/wp\/v2\/pages\/940\/revisions"}],"predecessor-version":[{"id":1172,"href":"https:\/\/pipacspekseg.hu\/pipacs\/wp-json\/wp\/v2\/pages\/940\/revisions\/1172"}],"wp:attachment":[{"href":"https:\/\/pipacspekseg.hu\/pipacs\/wp-json\/wp\/v2\/media?parent=940"}],"curies":[{"name":"wp","href":"https:\/\/api.w.org\/{rel}","templated":true}]}}